Give j(1).
19
Let m(t) = -t**3 + 27*t**2 + 89*t + 22. Give m(30).
-8
Let q(y) = 7*y + 67. Determine q(-7).
18
Let c(s) = -s**3 - 13*s**2 + 15*s - 17. Give c(-14).
-31
Let z(n) = n**3 + 14*n**2 + 26*n + 18. What is z(-12)?
-6
Let l(p) = 18*p**3 - p**2 - p - 1. What is l(-1)?
-19
Let c(b) = -19*b - 185. Give c(-9).
-14
Let s(b) = -b**3 + 10*b**2 + 55*b + 9. What is s(14)?
-5
Let g(a) = 8*a**3 + a**2 - 1. What is g(-1)?
-8
Let t(b) = 3*b - 3. Give t(22).
63
Let m(r) = -2*r**3 - 21*r**2 + 32*r - 51. Determine m(-12).
-3
Let f(q) = -q**2 + 8*q + 2. Give f(4).
18
Let l(s) = -2*s + 2. Calculate l(7).
-12
Let t(v) = -v**2 + 10*v + 11. Give t(10).
11
Let t(l) = 2*l**2 - 9*l + 13. Give t(2).
3
Let t(p) = 16*p + 7. Give t(-10).
-153
Let j(o) = o**3 - 21*o**2. What is j(21)?
0
Let v(a) = -2*a**2 - 6*a - 7. Determine v(-5).
-27
Let g(p) = 15*p - 71. Determine g(5).
4
Let l(h) = h - 16. What is l(6)?
-10
Let f(w) = -10*w**2 + w - 6. Calculate f(2).
-44
Let z(q) = -q**3 - 10*q**2 + 2*q + 21. What is z(-10)?
1
Let h(u) = -9*u + 1. Determine h(-2).
19
Let b(k) = -k**3 + 7*k**2 - 7*k - 2. Determine b(7).
-51
Let g(k) = k**3 - 8*k**2 - 4*k - 2. Determine g(9).
43
Let q(g) = 3*g - 19. Calculate q(17).
32
Let s(y) = 2*y**2 + 7*y + 16. What is s(-5)?
31
Let c(p) = -p**3 + 5*p**2 + 11*p + 30. What is c(8)?
-74
Let i(a) = 5*a + 18. Calculate i(-9).
-27
Let o(k) = -3*k**2 - 8*k. What is o(4)?
-80
Let h(m) = -m**2 + 22*m. Determine h(22).
0
Let c(y) = y**3 + 7*y**2 + 3*y - 7. Give c(-3).
20
Let w(r) = -2*r - 1. Calculate w(2).
-5
Let a(o) = -40*o + 18. What is a(2)?
-62
Let f(r) = -r**2 + r + 1. Give f(-2).
-5
Let j(s) = 2*s**2 - s + 3. Calculate j(3).
18
Let z(s) = -s - 11. Calculate z(0).
-11
Let u(c) = -c**2 + 3*c - 7. Determine u(7).
-35
Let u(f) = 22*f + 1. What is u(-3)?
-65
Let u(k) = 10*k. Determine u(-1).
-10
Let b(u) = 6*u - 80. Calculate b(15).
10
Let a(v) = -v**2 + 7*v + 18. Give a(9).
0
Let n(i) = i**3 + 14*i**2 + 17*i + 56. What is n(-13)?
4
Let f(c) = -c**3 + 14*c**2 - 9*c - 44. Calculate f(13).
8
Let k(g) = 2*g**2 - 20*g + 26. Determine k(8).
-6
Let w(s) = s**3 + 12*s**2 - 18*s - 59. Give w(-14).
-199
Let s(u) = u**2 - 30*u - 5. Determine s(29).
-34
Let g(d) = d**3 - 9*d**2 + 4*d - 1. What is g(9)?
35
Let j(b) = b**2 + 2*b. Give j(2).
8
Let o(h) = 2*h**3 - h**2 - 3. What is o(2)?
9
Let k(j) = 8*j + 84. What is k(0)?
84
Let a(i) = -i**3 + 2*i**2 + 10. Determine a(0).
10
Let w(h) = 5*h**2 + 3*h - 3. Determine w(2).
23
Let y(m) = -3*m + 23. Calculate y(4).
11
Let u(w) = w**2 + 8*w - 37. What is u(7)?
68
Let j(k) = k**2 - 2*k + 22. Calculate j(0).
22
Let t(j) = -j**3 + 3*j**2 + 6*j - 12. Determine t(3).
6
Let s(f) = -24*f**2 + 3*f + 2. What is s(-1)?
-25
Let u(i) = -2*i**2 + 41*i + 31. What is u(22)?
-35
Let y(f) = -f**3 - 7*f**2 - 2*f - 1. Calculate y(-4).
-41
Let k(z) = z**2 - 25*z + 142. Calculate k(17).
6
Let f(h) = -h**2 - 17*h + 104. What is f(-22)?
-6
Let x(v) = -4*v**2 - 18*v - 14. Determine x(-3).
4
Let x(z) = z**3 - 74*z**2 + 147*z - 232. Give x(72).
-16
Let v(u) = 6*u**2 - 3*u + 4. What is v(2)?
22
Let t(p) = -p**2 + 3*p + 7. Determine t(6).
-11
Let t(s) = 2*s + 3. What is t(-6)?
-9
Let g(n) = -2*n**2 - 5*n - 2. Determine g(-3).
-5
Let t(v) = -v**2 + 32*v - 57. Calculate t(29).
30
Let z(t) = t**2 - 16*t + 20. Calculate z(13).
-19
Let x(y) = -y**3 + y**2 + 9*y - 7. Determine x(5).
-62
Let u(n) = 3*n**3 + 6*n**2 - 9. Determine u(-2).
-9
Let r(n) = -n**2 + 11*n - 32. Determine r(3).
-8
Let g(i) = i**2 + 2*i + 3. Determine g(0).
3
Let n(r) = 3*r. What is n(-9)?
-27
Let l(k) = k**2 - 50*k + 501. Give l(36).
-3
Let z(f) = -5*f**2 - 3*f + 18. Determine z(-5).
-92
Let f(u) = -u**3 - 11*u**2 + 24*u - 30. Calculate f(-13).
-4
Let q(u) = -6*u**2 + 11*u + 2. Calculate q(2).
0
Let q(y) = y**3 + 9*y**2 + 8*y - 3. Calculate q(-6).
57
Let i(t) = 3*t + 1. Give i(-4).
-11
Let u(p) = -p**2 + 15*p + 7. What is u(0)?
7
Let t(a) = -2*a**2 + 3*a + 8. What is t(-7)?
-111
Let o(n) = n. Calculate o(-7).
-7
Let b(z) = -7*z**2 + 23*z. Determine b(3).
6
Let q(l) = 12*l - 12. Give q(2).
12
Let p(i) = -i**3 + 7*i - 7. Give p(-4).
29
Let x(d) = -d**3 + 7*d**2 - 7*d - 7. What is x(6)?
-13
Let r(g) = 31*g**2 - g. Determine r(-1).
32
Let m(j) = j**2 - 2*j - 2. Calculate m(4).
6
Let t(q) = 6*q**2 + 3*q + 3. What is t(-1)?
6
Let x(o) = o**3 + 6*o**2 - 7*o + 5. Calculate x(-7).
5
Let p(m) = -5*m**2 + 13*m - 12. Give p(2).
-6
Let d(g) = g**2 + 3*g + 5. Determine d(-3).
5
Let m(x) = -11*x**2 - 4*x - 3. Give m(-3).
-90
Let y(a) = -a**2 - 11*a + 28. What is y(-15)?
-32
Let n(u) = -u - 16. Calculate n(-6).
-10
Let k(x) = -x**2 - 9*x + 3. What is k(-9)?
3
Let x(k) = 8*k**3 - 4*k**2 + 5*k - 2. Determine x(1).
7
Let j(v) = -9*v - 4. Determine j(-1).
5
Let m(f) = -f**3 - 25*f**2 + 52*f - 12. What is m(-27)?
42
Let u(q) = -q**2 + 20*q - 69. Give u(15).
6
Let w(j) = j**3 - 9*j**2 - 9*j - 32. Determine w(10).
-22
Let p(r) = 5*r + 1. Calculate p(-6).
-29
Let u(c) = 10*c**2 + 4*c + 3. Calculate u(-2).
35
Let v(t) = -16*t**2 + t + 1. Give v(-1).
-16
Let w(f) = 3*f**2 + 22*f + 14. Give w(-8).
30
Let o(t) = -t**3 - t + 1. Calculate o(2).
-9
Let z(m) = -m**2 - 32*m - 93. Give z(-24).
99
Let a(q) = 2*q**3 + 5*q**2 - 29*q - 7. Determine a(3).
5
Let v(d) = 3*d**2 - 77*d + 39. Calculate v(25).
-11
Let i(l) = -l**2 + 2. Give i(4).
-14
Let n(z) = 4*z + 34. What is n(19)?
110
Let u(z) = -z**3 - 5*z**2 + 7*z + 4. What is u(-6)?
-2
Let x(m) = -2*m**2 + 4*m - 8. Determine x(3).
-14
Let w(s) = -2*s**2 + 48*s + 57. Calculate w(25).
7
Let f(u) = 5*u**2 + u - 1. Give f(1).
5
Let m(x) = 87*x - 595. What is m(7)?
14
Let v(m) = m**2 + 14*m - 21. Determine v(-6).
-69
Let c(g) = 2*g**3 + g**2 - 2*g - 5. What is c(-2)?
-13
Let m(v) = v**2 - 71*v - 898. Give m(-11).
4
Let r(n) = n**3 - 6*n**2 + 12*n - 14. Give r(3).
-5
Let l(h) = 5*h. What is l(1)?
5
Let q(j) = -j**2 - 26*j + 26. What is q(-28)?
-30
Let w(j) = -12*j. What is w(-1)?
12
Let o(g) = -g**3 + 6*g**2 - g + 1. What is o(6)?
-5
Let d(u) = 2*u - 3. Give d(7).
11
Let c(f) = -53*f**2 - f. What is c(-1)?
-52
Let a(v) = 5*v - 6. Determine a(-4).
-26
Let j(c) = c**2 - 9*c - 3. Calculate j(10).
7
Let w(k) = -k**3 + 4*k**2 + 5*k - 4. Give w(5).
-4
Let w(u) = u**3 + 2*u**2 - 17*u + 3. What is w(-6)?
-39
Let n(l) = 32*l - 2. Determine n(-1).
-34
Let x(f) = -f**2 + 9*f - 3. Calculate x(10).
-13
Let d(y) = -y**2 + 20*y - 2. Give d(20).
-2
Let j(m) = -2*m**2 - 88*m + 188. Give j(2).
4
Let h(x) = x**3 + 8*x**2 + 5*x - 22. Determine h(-7).
-8
Let n(l) = -l - 1. Calculate n(8).
-9
Let t(k) = -k**3 + 9*k**2 - 12*k - 3. Give t(7).
11
Let n(k) = 2*k - 49. Calculate n(18).
-13
Let y(o) = o**2 + 7*o. Calculate y(-4).
-12
Let w(b) = b**3 - 6*b**2 + 2*b + 8. What is w(4)?
-16
Let v(i) = 2*i + 2. Calculate v(-3).
-4
Let t(l) = l**2 - 12*l + 15. Give t(6).
-21
Let j(x) = x**2 + 15*x - 10. Give j(6).
116
Let h(f) = -f**3 + 55*f**2 - 53*f - 67. What is h(54)?
-13
Let g(o) = o**3 + 16*o**2 - 18*o - 11. Determine g(-17).
6
Let w(k) = -4*k**2 + 3*k + 1. Determine w(2).
-9
Let k(q) = 22*q - 1. Calculate k(-2).
-45
Let c(p) = -p**2 - 11*p - 12. Determine c(-10).
-2
Let c(z) = -2*z - 21. Give c(-10).
-1
Let l(k) = -k + 52. Calculate l(57).
-5
Let l(w) = 50*w - 9. What is l(1)?
41
Let r(d) = -2*d**2 + 41*d - 1. Give r(20).
19
Let o(d) = 3*d**2 - 3*d - 3. Give o(3).
15
Let h(f) = f + 2. What is h(8)?
10
Let u(b) = b**3 - 6*b**2 - 5*b. Calculate u(5).
-50
Let a(w) = 4*w + 7. What is a(7)?
35
Let w(q) = -2*q - 5. Calculate w(-12).
19
Let r(y) = 6*y + 6. What is r(-6)?
-30
Let d(k) = -3*k + 81. Calculate d(22).
15
Let q(t) = t**2 + 13*t - 6. Determine q(-13).
-6
Let c(l) = 7*l + 39. Give c(-7).
-10
Let w(d) = 9*d**2 + 1. What is w(2)?
37
Let f(r) = r**3 - 5*r**2 - 3*r - 6. Give f(5).
-21
Let b(n) = -2*n**2 + 118*n - 114. Calculate b(58).
2
Let y(v) = 9*v - 12. Calculate y(8).
60
Let z(p) = -11*p - 1. Calculate z(2).
-23
Let v(u) = u**3 - 9*u**2 - 3*u - 4. What is v(8)?
-92
Let n(k) = -8*k**2 - 126*k + 37. Give n(-16).
5
Let t(o) = -o**2 - 6*o + 62. What is t(5)?
7
Let a(x) = x + 20. Determine a(-11).
9
Let z(n) = -n**3 - 10*n**2 - 5*n - 21. Determine z(-10).
29
Let m(d) = -15*d - 6. What is m(-3)?
39
Let t(y) = -y**2 + y + 10. Determine t(-3).
-2
Let v(n) = -n**2 - 9*n + 13. Give v(-15).
-77
Let 